{"id":102,"date":"2023-06-12T16:53:53","date_gmt":"2023-06-12T16:53:53","guid":{"rendered":"https:\/\/samu.cibpcs.com\/samu\/?post_type=product&#038;p=102"},"modified":"2023-06-13T08:58:40","modified_gmt":"2023-06-13T08:58:40","slug":"intel-nuc-i3-10110u-nuc10i3fnhn2","status":"publish","type":"product","link":"https:\/\/samu.cibpcs.com\/samu\/producto\/intel-nuc-i3-10110u-nuc10i3fnhn2\/","title":{"rendered":"Intel NUC i3-10110U &#8211; NUC10i3FNHN2"},"content":{"rendered":"<div id=\"description\" role=\"tabpanel\">\n<div>\n<p>Este Mini PC incorpora el procesador Celeron J4005 de 2 n\u00facleos a 2.00GHz (Turbo a 2.70GHz). Config\u00faralo con hasta 8GB de RAM y un disco SSD. Puedes conectarle 2 monitores por HDMI gracias a la Intel Graphics 600 UHD, tiene 4 puertos USB 3.0, Wifi AC, Bluetooth 5.0, Lector de MicroSD y LAN a Gigabit.<\/p>\n<p>Aprovechando la tecnolog\u00eda de proceso y las optimizaciones de 14nm m\u00e1s avanzadas de Intel, la Intel\u00ae NUC7CJYHN2 est\u00e1n construidas con procesadores Intel\u00ae Celeron\u00ae de doble n\u00facleo; el NUC7CJYHN2 es un kit NUC tradicional, un Mini Pc para configur\u00e1rtelo a medida. Tambi\u00e9n se vende como un kit personalizable, si est\u00e1 personalizando un kit para sus clientes o si necesitan un sistema completo, el mini PC NUC7CJYHN2 son ideales para los consumidores conscientes de los costos que necesitan un sistema para la inform\u00e1tica cotidiana.<\/p>\n<h5>Especificaciones NUC NUC7CJYHN2<\/h5>\n<p>Formato de placa UCFF (4&#8243; x 4&#8243;)<br \/>\nZ\u00f3calo Soldered-down BGA<br \/>\nFormato de unidad interna 2.5&#8243; Drive<br \/>\nN\u00ba de unidades internas admitidas 1<br \/>\nLitograf\u00eda 14<br \/>\nTDP 10.0 W<br \/>\nVoltaje admitido de toma de corriente alterna 12-19 VDC<br \/>\nProcesador incluido Procesador Intel\u00ae Celeron J4005<br \/>\nPeriodo de garant\u00eda 3<\/p>\n<h6>Informaci\u00f3n adicional<\/h6>\n<p>Opciones de integrados disponibles No<br \/>\nDescripci\u00f3n Other features: Includes SDXC card slot, dual microphones<\/p>\n<h6>Memoria y almacenamiento<\/h6>\n<p>Tama\u00f1o de memoria m\u00e1x. (depende del tipo de memoria) 8 GB<br \/>\nTipos de memoria DDR4-2400 1.2V SO-DIMM<br \/>\nN.\u00ba m\u00e1ximo de canales de memoria 2<br \/>\nAncho de banda m\u00e1ximo de memoria 38.4 GB\/s<br \/>\nN.\u00ba m\u00e1ximo de DIMM 2<br \/>\nMemoria ECC compatible \u2021 No<\/p>\n<h6>Especificaciones gr\u00e1ficas<\/h6>\n<p>Gr\u00e1ficos integrados \u2021 Yes<br \/>\nSalida para gr\u00e1ficos 2x HDMI 2.0a<br \/>\nN\u00ba de pantallas admitidas \u2021 2<\/p>\n<h6>Opciones de expansi\u00f3n<\/h6>\n<p>Ranura para tarjeta de memoria extra\u00edble SDXC with UHS-I support<\/p>\n<h6>Especificaciones de I\/O<\/h6>\n<p>N\u00ba de puertos USB 6<br \/>\nRevisi\u00f3n de USB 2.0, 3.0<br \/>\nConfiguraci\u00f3n USB 2.0 (externa + interna) 0 + 2<br \/>\nConfiguraci\u00f3n USB 3.0 (externa + interna) 2B 2F + 0<br \/>\nN\u00ba total de puertos SATA 1<br \/>\nN\u00ba m\u00e1ximo de puertos SATA de 6,0 Gb\/seg. 1<br \/>\nConfiguraci\u00f3n RAID N\/A<br \/>\nSonido (canal posterior + canal frontal) 7.1 digital; USB-C y HDMI<br \/>\nLAN integrada 10\/100\/1000<br \/>\nWifi integrado Intel\u00ae Wireless-AC 9462<br \/>\nBluetooth integrado Yes<br \/>\nSensor de infrarrojos para consumidores Rx Yes<br \/>\nConector S\/PDIF Out TOSLINK<br \/>\nColectores adicionales CEC, 2x USB2.0, AUX_PWR, FRONT_PANEL<\/p>\n<h6>Especificaciones del paquete<\/h6>\n<p>Opciones de concentraci\u00f3n baja de hal\u00f3genos disponible See MDDS<\/p>\n<h6>Tecnolog\u00edas avanzadas<\/h6>\n<p>Tecnolog\u00eda Intel\u00ae de virtualizaci\u00f3n para E\/S dirigida \u2021 Yes<br \/>\nTecnolog\u00eda Intel\u00ae vPro \u2021 No<br \/>\nTecnolog\u00eda de sonido Intel\u00ae de alta definici\u00f3n Yes<br \/>\nSeguridad y fiabilidad<br \/>\nNuevas instrucciones Intel\u00ae AES Yes<\/p>\n<\/div>\n<\/div>\n","protected":false},"excerpt":{"rendered":"<p>Elige los componentes que quieres que le montemos al mini pc. Tambi\u00e9n puedes comprar el Intel Nuc sin componentes, si ya dispones de ellos. Tu eliges!<\/p>\n","protected":false},"featured_media":93,"comment_status":"open","ping_status":"closed","template":"","meta":{"neve_meta_sidebar":"","neve_meta_container":"","neve_meta_enable_content_width":"off","neve_meta_content_width":100,"neve_meta_title_alignment":"","neve_meta_author_avatar":"","neve_post_elements_order":"","neve_meta_disable_header":"","neve_meta_disable_footer":"","neve_meta_disable_title":""},"product_cat":[21],"product_tag":[],"class_list":["post-102","product","type-product","status-publish","has-post-thumbnail","hentry","product_cat-mini-pc"],"_links":{"self":[{"href":"https:\/\/samu.cibpcs.com\/samu\/wp-json\/wp\/v2\/product\/102","targetHints":{"allow":["GET"]}}],"collection":[{"href":"https:\/\/samu.cibpcs.com\/samu\/wp-json\/wp\/v2\/product"}],"about":[{"href":"https:\/\/samu.cibpcs.com\/samu\/wp-json\/wp\/v2\/types\/product"}],"replies":[{"embeddable":true,"href":"https:\/\/samu.cibpcs.com\/samu\/wp-json\/wp\/v2\/comments?post=102"}],"wp:featuredmedia":[{"embeddable":true,"href":"https:\/\/samu.cibpcs.com\/samu\/wp-json\/wp\/v2\/media\/93"}],"wp:attachment":[{"href":"https:\/\/samu.cibpcs.com\/samu\/wp-json\/wp\/v2\/media?parent=102"}],"wp:term":[{"taxonomy":"product_cat","embeddable":true,"href":"https:\/\/samu.cibpcs.com\/samu\/wp-json\/wp\/v2\/product_cat?post=102"},{"taxonomy":"product_tag","embeddable":true,"href":"https:\/\/samu.cibpcs.com\/samu\/wp-json\/wp\/v2\/product_tag?post=102"}],"curies":[{"name":"wp","href":"https:\/\/api.w.org\/{rel}","templated":true}]}}