{"id":105,"date":"2023-06-13T09:05:18","date_gmt":"2023-06-13T09:05:18","guid":{"rendered":"https:\/\/samu.cibpcs.com\/samu\/?post_type=product&#038;p=105"},"modified":"2023-06-13T09:05:44","modified_gmt":"2023-06-13T09:05:44","slug":"logitech-g203-lightsync-2nd-gen-raton-gaming-8000dpi-rgb-negro","status":"publish","type":"product","link":"https:\/\/samu.cibpcs.com\/samu\/producto\/logitech-g203-lightsync-2nd-gen-raton-gaming-8000dpi-rgb-negro\/","title":{"rendered":"Logitech G203 Lightsync 2nd Gen Rat\u00f3n Gaming 8000DPI RGB Negro"},"content":{"rendered":"<ul>\n<li>ONDA DE COLORES RGB LIGHTSYNC Elige entre animaciones vibrantes y ajustes seg\u00fan el juego y el soporte, o programa tus propios ajustes con unos 16,8 millones de colores a tu disposici\u00f3n.<\/li>\n<li>F\u00c1CIL PERSONALIZACI\u00d3N Elige un color, combina tres, selecciona un divertido preajuste de animaci\u00f3n o crea uno propio. \u00a1T\u00fa decides! Incluso puedes sincronizar tu rat\u00f3n con otros dispositivos y accesorios Logitech G LIGHTSYNC para lograr la combinaci\u00f3n perfecta.<\/li>\n<li>MUESTREO DIN\u00c1MICO DE LA PANTALLA Configura la iluminaci\u00f3n como Muestra de pantalla para que se sincronice con la tuya. Configura el rat\u00f3n para que reaccione a los cambios de color en juegos, pel\u00edculas, etc.<\/li>\n<li>VISUALIZADOR DE AUDIO Reproduce m\u00fasica, pel\u00edculas, juegos&#8230; pr\u00e1cticamente cualquier sonido: el G203 2nd Gen seguir\u00e1 el ritmo con destellos de colores. Personaliza niveles y colores para dar a tus fiestas tu toque exclusivo.<\/li>\n<li>SENSOR PARA GAMING Te proporciona un seguimiento preciso del cursor y una respuesta r\u00e1pida. Con una sensibilidad ajustable de 200-8.000 dpi, puedes elegir el valor id\u00f3neo para tu estilo de juego. Utiliza el software Logitech G HUB para programar hasta 5 preajustes.<\/li>\n<li>DISE\u00d1O GENUINO DE EFICACIA PROBADA El dise\u00f1o cl\u00e1sico de seis botones te da comodidad y confianza para que puedas explorar, lanzar hechizos y jugar como quieras. Utiliza el software Logitech G HUB para asignar a los botones comandos en el juego, controles del sistema o enlaces de teclas con los que simplificar tus acciones.<\/li>\n<li>TENSI\u00d3N DE BOTONES OPTIMIZADO\u00a0 Los botones izquierdo y derecho primarios tienen el exclusivo sistema de tensi\u00f3n de botones con resortes met\u00e1licos Logitech G, que ofrece una actuaci\u00f3n precisa de los botones y una experiencia uniforme constante.<\/li>\n<li>SOFTWARE PARA GAMING LOGITECH G HUB G203 2nd Gen se ha dise\u00f1ado para funcionar a la perfecci\u00f3n en cualquier sistema, pero si quieres controles a\u00fan m\u00e1s precisos, puedes descargar gratis un software de personalizaci\u00f3n que es f\u00e1cil de usar y configurar. El software de personalizaci\u00f3n G HUB permite personalizarlo todo: la iluminaci\u00f3n, la sensibilidad y los comandos de los botones del rat\u00f3n G203 2nd Gen.<\/li>\n<\/ul>\n","protected":false},"excerpt":{"rendered":"<h2 class=\"h4\"><strong>Logitech G203 Lightsync 2nd Gen Rat\u00f3n Gaming 8000DPI RGB Negro<\/strong><\/h2>\n","protected":false},"featured_media":106,"comment_status":"open","ping_status":"closed","template":"","meta":{"neve_meta_sidebar":"","neve_meta_container":"","neve_meta_enable_content_width":"off","neve_meta_content_width":100,"neve_meta_title_alignment":"","neve_meta_author_avatar":"","neve_post_elements_order":"","neve_meta_disable_header":"","neve_meta_disable_footer":"","neve_meta_disable_title":""},"product_cat":[22],"product_tag":[],"class_list":["post-105","product","type-product","status-publish","has-post-thumbnail","hentry","product_cat-ratones"],"_links":{"self":[{"href":"https:\/\/samu.cibpcs.com\/samu\/wp-json\/wp\/v2\/product\/105","targetHints":{"allow":["GET"]}}],"collection":[{"href":"https:\/\/samu.cibpcs.com\/samu\/wp-json\/wp\/v2\/product"}],"about":[{"href":"https:\/\/samu.cibpcs.com\/samu\/wp-json\/wp\/v2\/types\/product"}],"replies":[{"embeddable":true,"href":"https:\/\/samu.cibpcs.com\/samu\/wp-json\/wp\/v2\/comments?post=105"}],"wp:featuredmedia":[{"embeddable":true,"href":"https:\/\/samu.cibpcs.com\/samu\/wp-json\/wp\/v2\/media\/106"}],"wp:attachment":[{"href":"https:\/\/samu.cibpcs.com\/samu\/wp-json\/wp\/v2\/media?parent=105"}],"wp:term":[{"taxonomy":"product_cat","embeddable":true,"href":"https:\/\/samu.cibpcs.com\/samu\/wp-json\/wp\/v2\/product_cat?post=105"},{"taxonomy":"product_tag","embeddable":true,"href":"https:\/\/samu.cibpcs.com\/samu\/wp-json\/wp\/v2\/product_tag?post=105"}],"curies":[{"name":"wp","href":"https:\/\/api.w.org\/{rel}","templated":true}]}}